2*s**2 - s + 4. Let a be j(4). Suppose 0 = -0*k - 8*k + a. What is the remainder when 63/2*(-20)/(-30) is divided by k?
9
Let j(y) = 79623*y + 3. Let i be -2*(-2)/4 - -1. Suppose 0 = -2*z + i + 8. What is the remainder when z is divided by j(0)?
2
Suppose 13 = 2*i + 23. Let o(f) = 2*f**2 - 8*f - 19. Calculate the remainder when o(i) is divided by 12.
11
Suppose -5*c + 204 = 2*b - 21, 2*c + 4*b - 90 = 0. What is the remainder when (-8 - -10)*(4 + c) is divided by 34?
30
Let z(d) = 120*d - 14953. What is the remainder when 11279 is divided by z(125)?
46
Let p be (2/(-6))/((-1)/18). Suppose 95*s = 90*s - 10. What is the remainder when (176/(-2))/((p - 5) + s) is divided by 18?
16
Calculate the remainder when 380 is divided by 33 - 6/102*17.
28
Suppose 5*b - 2*a - 102 = 349, b - 4*a = 83. What is the remainder when 1454 is divided by b?
89
Suppose 2*f - 10 = 0, z + 3*f = -2*f + 101. Let s = -3679 + 3692. What is the remainder when z is divided by s?
11
Let m = -14 + 35. Let b(s) = -s**3 + 28*s**2 - 185*s + 112. What is the remainder when b(10) is divided by m?
20
Suppose -28*c - 21390 = -45*c - 98*c. What is the remainder when 1114 is divided by c?
184
Suppose 6*l = 53 - 41. Suppose -l*n + 18 = 20, 2*j - 498 = -4*n. Calculate the remainder when j is divided by 36.
35
Suppose 0 = 57*g + 69*g - 20*g - 10176. What is the remainder when 459 is divided by g?
75
Let m(o) = -7*o + 7. Let f be m(1). Suppose f = -2*b + 158 + 172. Let r = b - 126. What is the remainder when r is divided by 8?
7
Suppose 11693 = 8*u - 51819. Suppose -20*g + u = 2139. What is the remainder when g is divided by 73?
71
Suppose 90 = 5*b - 2*b. Let p(u) be the third derivative of u**5/60 - u**4/24 + 4*u**3/3 + 12*u**2. Calculate the remainder when p(11) is divided by b.
28
Suppose 56*r + 473 = -87. Let m(y) = -y**2 - y - 22. Let w be m(0). Let p = r - w. What is the remainder when 59 is divided by p?
11
Let x = 2665 + -2224. What is the remainder when x is divided by 60?
21
Let x be (-33)/(((-81)/936)/(3/4)). Suppose s = 14*s - x. What is the remainder when s is divided by 12?
10
Suppose -2*p - 51 = -n + p, n + 3*p - 63 = 0. Suppose -122*f - 2550 = -137*f. Calculate the remainder when f is divided by n.
56
Let k(i) = -i**2 - 25*i - 26. Let c be k(-22). Let o = 21 + c. Let t = 24 + 0. Calculate the remainder when o is divided by t.
13
Let g(w) = 40*w - 65. Suppose -2*z - 9*f + 7*f + 8 = 0, -14 = -5*z - 2*f. Calculate the remainder when 99 is divided by g(z).
9
Let d(i) = -i**3 + 6*i**2 + i - 26. Let l be d(5). Suppose 273 = -l*h + 11*h. Let v = -9 + h. Calculate the remainder when 53 is divided by v.
23
Suppose 3*t - 76 = -t. Let h be ((-247)/(-26))/((-1)/(-36)*-2). Let s = -100 - h. What is the remainder when s is divided by t?
14
Let o(g) = 286*g**2 + 487*g - 2406. Calculate the remainder when o(5) is divided by 63.
60
Let p(b) = -2*b. Let y be p(-3). Let k be (5 + (-72)/16)/(3/(-12)). Let t = y + k. Calculate the remainder when 5 is divided by t.
1
Suppose -4*d - 2*q = -970, 4*d - 34*q = -29*q + 991. Calculate the remainder when d is divided by 41.
39
Suppose 375*h = 187*h + 177*h + 125477. Calculate the remainder when h is divided by 62.
61
Let z(x) = 2*x**3 - 5*x**2 - x + 13. Suppose 2*m = -r - m + 169, -4*r - 5*m + 676 = 0. What is the remainder when r is divided by z(3)?
17
Let n(v) = -1 + 4*v - 3 - 4 + v**3 - 1 - 6*v**2. Suppose -2*j = -7*j + 30. Calculate the remainder when n(j) is divided by 8.
7
Let v be (-2)/(-22) + -1 + 10112/88. Suppose -3*a - 36 = -7*a. Suppose -a*z + 3*y = -4*z - 277, -2*z = -2*y - v. What is the remainder when z is divided by 18?
17
Let k = 26 - 15. Let a be ((-12)/10)/(32/5 + -6). Calculate the remainder when (-89 - (a - 1))*-1 is divided by k.
8
Let f(k) = k. Let z(o) = 6*o - 6. Let j(d) = -8*f(d) + z(d). Let w be j(-5). Let h = 65 + w. What is the remainder when h is divided by 24?
21
Let s = -284 - -648. Let j = s + -334. What is the remainder when j is divided by 17?
13
Suppose 51*z + 182 = -2*z + 3256. Suppose 10 = d + 3*j - 0, 4*d + j = 40. Suppose 2*x - 70 = -d. What is the remainder when z is divided by x?
28
Suppose -5*b + 231 = 231. Suppose 5*d + 44 = p, b = -4*d - 9 + 5. What is the remainder when 60 is divided by p?
21
Let s = -9916 - -9945. Let a(j) = j**3 - 6*j**2 + j + 6. Calculate the remainder when a(9) is divided by s.
26
Let w(i) = 6*i**2 - 295*i - 79. What is the remainder when w(53) is divided by 87?
9
Let z = -3624 - -3848. What is the remainder when 265 is divided by z?
41
Let d(z) be the third derivative of 1/60*z**5 + 0 - 1/8*z**4 - 4*z**3 - 32*z**2 + 0*z. Calculate the remainder when d(-9) is divided by 43.
41
Suppose 2*i - 70 = -0*i. Let u(f) = 1274 - 25*f - 1312 - 10*f. What is the remainder when u(-6) is divided by i?
32
Let d(a) = a**2 - 5*a + 4. Let v be d(4). Suppose 2*c = 3*m - 98, v*m - 2*c + 62 = 2*m. Suppose -27*t + m*t = 65. What is the remainder when 37 is divided by t?
11
Let r = -18688 + 18704. What is the remainder when 43 is divided by r?
11
Suppose 15 = -8*v + 3*v. Let h(u) = -14*u**2 - 3*u - 8. Let d be h(v). Let n = d - -281. What is the remainder when n is divided by 32?
28
Calculate the remainder when 254 is divided by 22989/3792 + 2/(-32).
2
Calculate the remainder when 235 - 0 - (10/80 - (-651)/168) is divided by 18.
15
Let n(x) be the second derivative of -x**4/12 + 4*x**3/3 - 5*x**2/2 + 2*x. Calculate the remainder when n(4) is divided by (-8)/(-10)*28/((-364)/(-65)).
3
Let b = 115 - 107. Let t(a) = a**3 - 8*a**2 + 6*a - 39. What is the remainder when 116 is divided by t(b)?
8
Let y(h) = 3*h + 56. Suppose 189 - 182 = -s. Calculate the remainder when y(s) is divided by 5.
0
Suppose -64*u + 21*u + 49617 = 68*u. What is the remainder when u is divided by 396?
51
Suppose -225 = -70*c + 25*c. What is the remainder when 8 is divided by c?
3
Suppose 3*w - 2*x - 443 = 0, -w + 5*x = -3*w + 327. Calculate the remainder when 1029 is divided by w.
123
Suppose -4*v + 3*f = f + 348, -5*f + 440 = -5*v. Let o = v - -223. Let z(b) = b**3 - 7*b**2 + 2*b + 6. What is the remainder when o is divided by z(7)?
17
Suppose -46*a + 44*a = -3*b - 490, -4*b = -3*a + 736. What is the remainder when 8924 is divided by a?
244
Let a be ((-1641)/(-15) - 4/10) + 2. Suppose 2*p + 35 = a. Suppose -p = 4*c - 126. What is the remainder when c is divided by 13?
9
Suppose 30*o + 259*o - 5202 = 0. Let b(n) = -n**3 - 10*n**2 + 10. Let f be b(-10). Calculate the remainder when -5*(-3 - 66/f) is divided by o.
12
Let v(y) be the second derivative of -y**3/2 - 2*y**2 - 5*y. What is the remainder when (-1472)/(-128)*164/42 + 4/42 is divided by v(-9)?
22
Let m be 455/5 - (-3 + 0). Let s = m - 67. Suppose 5*k - 5*c = -6*c + 25, -5*c = -5*k + 55. Calculate the remainder when s is divided by k.
3
Let v be (-4)/6*(3 - 6). Suppose -13*k + 26*k - 169 = 0. What is the remainder when v - (-66)/(-2 - -4) is divided by k?
9
Suppose 9*w - 2580 = -6*w. Let t = w + -144. What is the remainder when 132 is divided by t?
20
Suppose 4*i - 5*f = 411, 0*i + 492 = 5*i + f. What is the remainder when i is divided by (-1)/(-26 - -21 - (-264)/53)?
46
Let a(i) = i**2 - 13*i - 114. Let t be a(-6). Suppose -4*q + 5*p + 129 = t, -5*p + 3*p + 150 = 4*q. What is the remainder when 128 is divided by q?
20
Suppose i + 14 = -4*y, -20 = i + i + 4*y. Calculate the remainder when 82 is divided by i*32/(-24) - 2.
4
Let a(j) = j**2 + 50*j - 95. Let v(u) = -10*u + 19. Let h(m) = 2*a(m) + 11*v(m). Let q = 116 - 44. What is the remainder when q is divided by h(5)?
15
Suppose -5*r - 3*h = -1646, -453 = -2*r + h + 190. Calculate the remainder when r is divided by 66.
61
Suppose -22*u + 41*u - 2016 = -17*u. What is the remainder when u is divided by 25?
6
Let m(w) = -w**3 + 3*w**2 - 19*w - 3. Let j be m(8). Let h = j + 733. Calculate the remainder when h is divided by 9.
6
Let b(o) = -425*o - 2588. What is the remainder when b(-11) is divided by 18?
17
Let i = 90 + -15. Suppose 69*k - 74*k = -i. Suppose 0 = -3*z + 130 - 46. Calculate the remainder when z is divided by k.
13
Let u(x) = -x**3 - 8*x**2 + 13*x + 48. Let c be u(-9). Suppose -3*d + 4*m = -222, -m + 296 = c*d - 8*d. Calculate the remainder when d is divided by 39.
35
Suppose 19*d + 1293 = 153. What is the remainder when 